{"id":17,"date":"2013-05-02T22:59:43","date_gmt":"2013-05-03T02:59:43","guid":{"rendered":"http:\/\/www.gqr-lmc-nmp.ca\/system\/?page_id=17"},"modified":"2025-04-04T10:02:48","modified_gmt":"2025-04-04T14:02:48","slug":"accueil-2","status":"publish","type":"page","link":"https:\/\/www.gqr-lmc-nmp.ca\/system\/","title":{"rendered":"Accueil"},"content":{"rendered":"<p>Bienvenue sur le site internet du Groupe qu\u00e9b\u00e9cois de recherche en leuc\u00e9mie my\u00e9lo\u00efde chronique (LMC) et n\u00e9oplasies my\u00e9loprolif\u00e9ratives (NMP)!<\/p>\n<p>&nbsp;<\/p>\n<p>&nbsp;<\/p>\n","protected":false},"excerpt":{"rendered":"<p>Bienvenue sur le site internet du Groupe qu\u00e9b\u00e9cois de recherche en leuc\u00e9mie my\u00e9lo\u00efde chronique (LMC) et n\u00e9oplasies my\u00e9loprolif\u00e9ratives (NMP)! &nbsp;\u2026<\/p>\n","protected":false},"author":5,"featured_media":0,"parent":0,"menu_order":0,"comment_status":"closed","ping_status":"closed","template":"","meta":{"footnotes":""},"_links":{"self":[{"href":"https:\/\/www.gqr-lmc-nmp.ca\/system\/wp-json\/wp\/v2\/pages\/17"}],"collection":[{"href":"https:\/\/www.gqr-lmc-nmp.ca\/system\/wp-json\/wp\/v2\/pages"}],"about":[{"href":"https:\/\/www.gqr-lmc-nmp.ca\/system\/wp-json\/wp\/v2\/types\/page"}],"author":[{"embeddable":true,"href":"https:\/\/www.gqr-lmc-nmp.ca\/system\/wp-json\/wp\/v2\/users\/5"}],"replies":[{"embeddable":true,"href":"https:\/\/www.gqr-lmc-nmp.ca\/system\/wp-json\/wp\/v2\/comments?post=17"}],"version-history":[{"count":10,"href":"https:\/\/www.gqr-lmc-nmp.ca\/system\/wp-json\/wp\/v2\/pages\/17\/revisions"}],"predecessor-version":[{"id":857,"href":"https:\/\/www.gqr-lmc-nmp.ca\/system\/wp-json\/wp\/v2\/pages\/17\/revisions\/857"}],"wp:attachment":[{"href":"https:\/\/www.gqr-lmc-nmp.ca\/system\/wp-json\/wp\/v2\/media?parent=17"}],"curies":[{"name":"wp","href":"https:\/\/api.w.org\/{rel}","templated":true}]}}