{"id":122,"date":"2013-09-24T15:34:17","date_gmt":"2013-09-24T19:34:17","guid":{"rendered":"http:\/\/www.gqr-lmc-nmp.ca\/system\/?page_id=122"},"modified":"2017-03-27T13:54:46","modified_gmt":"2017-03-27T17:54:46","slug":"registres","status":"publish","type":"page","link":"https:\/\/www.gqr-lmc-nmp.ca\/system\/registres\/","title":{"rendered":"Registres"},"content":{"rendered":"<p>Afin de r\u00e9aliser sa mission d&rsquo;optimiser la prise en charge de la LMC et des NMP en d\u00e9veloppant des outils, approches et m\u00e9thodes, le Groupe qu\u00e9b\u00e9cois de recherche en LMC-NMP a r\u00e9alis\u00e9 l&rsquo;importance du d\u00e9veloppement de registres.<\/p>\n<h2>Int\u00e9r\u00eats des registres en LMC et en NMP<\/h2>\n<ol>\n<li>Les LMC et les NMP sont consid\u00e9r\u00e9es comme des maladies relativement rares et les cas sont diss\u00e9min\u00e9es dans plusieurs centres.&nbsp;<\/li>\n<li>&nbsp;Les th\u00e9rapies cibl\u00e9s utilis\u00e9es dans ces n\u00e9oplasies ont des m\u00e9canismes d&rsquo;action nouveaux, sont d&rsquo;apparition r\u00e9centes et repr\u00e9sentent un co\u00fbt \u00e9lev\u00e9<\/li>\n<li>Il existe peu de donn\u00e9es sur les populations &laquo;&nbsp;hors-\u00e9tude&nbsp;&raquo; (impact des co-morbidit\u00e9s ? de la poly-pharmacie ?)<\/li>\n<li>Les effets ind\u00e9sirables \u00e0 long terme dans une large population sont inconnus<\/li>\n<\/ol>\n<h2>Avantages des Registres<\/h2>\n<h3>Outil qui offre une image en temps r\u00e9el de la condition clinique des patients &laquo;&nbsp;hors-\u00e9tude&nbsp;&raquo;<\/h3>\n<ul>\n<li>Historique m\u00e9dical et chirurgical<\/li>\n<li>Information au diagnostic<\/li>\n<li>Traitements \/ adh\u00e9rence \/ effets ind\u00e9sirables \/ gestions des effets ind\u00e9sirables<\/li>\n<li>H\u00e9matologie \/ biochimie \/ my\u00e9logramme \/ cytog\u00e9n\u00e9tique \/ mutations \/ biologie mol\u00e9culaire<\/li>\n<li>Efficacit\u00e9 des traitements \/ r\u00e9sistance \/ qualit\u00e9 de vie<\/li>\n<li>M\u00e9dicament concomitants<\/li>\n<li>Transplantation<\/li>\n<\/ul>\n<h3>Outil qui permet d&rsquo;am\u00e9liorer le d\u00e9veloppement professionnel continu<\/h3>\n<ul>\n<li>\u00c9valuation de la pratique m\u00e9dicale en fonction des lignes directrices de traitement en cours;<\/li>\n<li>Identification des besoins en d\u00e9veloppement professionnel continu.<\/li>\n<\/ul>\n<div>\n<h3>Outil qui favorise la recherche clinique<\/h3>\n<ul>\n<li>Validation et \u00e9valuation de la faisabilit\u00e9 d\u2019\u00e9tudes cliniques;<\/li>\n<li>Identification de patients potentiels pour des \u00e9tudes;<\/li>\n<li>Recrutement de participants dans un contexte multicentrique via un guichet unique.<\/li>\n<\/ul>\n<\/div>\n<h4>&nbsp;<\/h4>\n<h5>Pour de plus amples informations sur les registre du Groupe qu\u00e9b\u00e9cois de recheche en LMC-NMP veuillez consulter les sections <a title=\"Registre de la NMP du GQR-LMC-NMP\" href=\"\/?page_id=57\"><strong>Registre des NMP <\/strong><\/a>et <a title=\"Registre de la LMC du GQR-LMC-NMP\" href=\"\/?page_id=47\">Registre de la LMC<\/a><\/h5>\n","protected":false},"excerpt":{"rendered":"<p>Afin de r\u00e9aliser sa mission d&rsquo;optimiser la prise en charge de la LMC et des NMP en d\u00e9veloppant des outils,\u2026<\/p>\n","protected":false},"author":2,"featured_media":0,"parent":0,"menu_order":0,"comment_status":"closed","ping_status":"closed","template":"","meta":{"footnotes":""},"_links":{"self":[{"href":"https:\/\/www.gqr-lmc-nmp.ca\/system\/wp-json\/wp\/v2\/pages\/122"}],"collection":[{"href":"https:\/\/www.gqr-lmc-nmp.ca\/system\/wp-json\/wp\/v2\/pages"}],"about":[{"href":"https:\/\/www.gqr-lmc-nmp.ca\/system\/wp-json\/wp\/v2\/types\/page"}],"author":[{"embeddable":true,"href":"https:\/\/www.gqr-lmc-nmp.ca\/system\/wp-json\/wp\/v2\/users\/2"}],"replies":[{"embeddable":true,"href":"https:\/\/www.gqr-lmc-nmp.ca\/system\/wp-json\/wp\/v2\/comments?post=122"}],"version-history":[{"count":9,"href":"https:\/\/www.gqr-lmc-nmp.ca\/system\/wp-json\/wp\/v2\/pages\/122\/revisions"}],"predecessor-version":[{"id":749,"href":"https:\/\/www.gqr-lmc-nmp.ca\/system\/wp-json\/wp\/v2\/pages\/122\/revisions\/749"}],"wp:attachment":[{"href":"https:\/\/www.gqr-lmc-nmp.ca\/system\/wp-json\/wp\/v2\/media?parent=122"}],"curies":[{"name":"wp","href":"https:\/\/api.w.org\/{rel}","templated":true}]}}